{"id":891,"date":"2024-07-26T09:27:36","date_gmt":"2024-07-26T09:27:36","guid":{"rendered":"https:\/\/maleedizione.it\/negozio\/?page_id=891"},"modified":"2024-07-26T12:36:39","modified_gmt":"2024-07-26T12:36:39","slug":"home","status":"publish","type":"page","link":"https:\/\/maleedizione.it\/negozio\/","title":{"rendered":"Home"},"content":{"rendered":"<div class=\"wp-block-group alignfull\"><div class=\"wp-block-group__inner-container is-layout-constrained wp-block-group-is-layout-constrained\"><div class=\"wp-block-cover alignfull\" style=\"margin-top:0;min-height:450px;aspect-ratio:unset;\"><span aria-hidden=\"true\" class=\"wp-block-cover__background has-black-background-color has-background-dim-0 has-background-dim\"><\/span><img decoding=\"async\" width=\"1950\" height=\"500\" class=\"wp-block-cover__image-background wp-image-48\" alt=\"\" src=\"https:\/\/maleedizione.it\/negozio\/wp-content\/uploads\/2024\/01\/male-edizioni-ecommerce-headerwebp.webp\" data-object-fit=\"cover\" srcset=\"https:\/\/maleedizione.it\/negozio\/wp-content\/uploads\/2024\/01\/male-edizioni-ecommerce-headerwebp.webp 1950w, https:\/\/maleedizione.it\/negozio\/wp-content\/uploads\/2024\/01\/male-edizioni-ecommerce-headerwebp-416x107.webp 416w, https:\/\/maleedizione.it\/negozio\/wp-content\/uploads\/2024\/01\/male-edizioni-ecommerce-headerwebp-300x77.webp 300w, https:\/\/maleedizione.it\/negozio\/wp-content\/uploads\/2024\/01\/male-edizioni-ecommerce-headerwebp-1024x263.webp 1024w, https:\/\/maleedizione.it\/negozio\/wp-content\/uploads\/2024\/01\/male-edizioni-ecommerce-headerwebp-768x197.webp 768w, https:\/\/maleedizione.it\/negozio\/wp-content\/uploads\/2024\/01\/male-edizioni-ecommerce-headerwebp-1536x394.webp 1536w\" sizes=\"(max-width: 1950px) 100vw, 1950px\" \/><div class=\"wp-block-cover__inner-container is-layout-flow wp-block-cover-is-layout-flow\"><div style=\"height:50px\" aria-hidden=\"true\" class=\"wp-block-spacer\"><\/div><\/div><\/div><\/div><\/div><div class=\"wp-block-columns is-layout-flex wp-container-core-columns-is-layout-28f84493 wp-block-columns-is-layout-flex\"><div class=\"wp-block-column is-layout-flow wp-block-column-is-layout-flow\"><h2 class=\"wp-block-heading has-text-align-center\">Il nostro impegno per la passione e la professionalit\u00e0<\/h2><\/div><\/div><div class=\"wp-block-columns is-layout-flex wp-container-core-columns-is-layout-28f84493 wp-block-columns-is-layout-flex\"><div class=\"wp-block-column is-vertically-aligned-center is-layout-flow wp-block-column-is-layout-flow\" style=\"flex-basis:100%\"><h3 class=\"wp-block-heading has-text-align-center\" style=\"font-style:normal;font-weight:500\">Prospettive uniche e inaspettate<\/h3>\n\n<p class=\"has-text-align-center\">Noi di Male Edizioni Casa Editrice ci impegniamo ad amplificare le voci di autori che offrono prospettive uniche, non banali e inaspettate. La nostra visione \u00e8 quella di dar voce a letture che sfidino la norma e risuonino profondamente con i lettori di tutto il mondo. In Male Edizioni, il nostro impegno per la passione e la professionalit\u00e0 \u00e8 evidente in tutto ci\u00f2 che facciamo. Unitevi a noi di Male Edizioni ed esplorate la letteratura che fa davvero la differenza<\/p><\/div><\/div><div class=\"wp-block-columns is-layout-flex wp-container-core-columns-is-layout-28f84493 wp-block-columns-is-layout-flex\"><div class=\"wp-block-column is-layout-flow wp-block-column-is-layout-flow\" style=\"flex-basis:100%\"><div class=\"wp-block-group is-vertical is-content-justification-center is-layout-flex wp-container-core-group-is-layout-b6c1f246 wp-block-group-is-layout-flex\"><h2 class=\"wp-block-heading has-text-align-center\">Nuovi arrivi<\/h2>\n\n<div data-align-buttons=\"true\" data-block-name=\"woocommerce\/product-new\" data-columns=\"4\" data-content-visibility=\"{&quot;image&quot;:true,&quot;title&quot;:true,&quot;price&quot;:true,&quot;rating&quot;:false,&quot;button&quot;:true}\" data-rows=\"1\" data-stock-status=\"[&quot;&quot;,&quot;&quot;,&quot;instock&quot;,&quot;outofstock&quot;,&quot;onbackorder&quot;]\" class=\"wc-block-grid wp-block-product-new wp-block-woocommerce-product-new wc-block-product-new has-4-columns has-aligned-buttons\"><ul class=\"wc-block-grid__products\"><li class=\"wc-block-grid__product\">\n\t\t\t\t<a href=\"https:\/\/maleedizione.it\/negozio\/prodotto\/uno-di-noi\/\" class=\"wc-block-grid__product-link\">\n\t\t\t\t\t\n\t\t\t\t\t<div class=\"wc-block-grid__product-image\"><img decoding=\"async\" width=\"324\" height=\"486\" src=\"https:\/\/maleedizione.it\/negozio\/wp-content\/uploads\/2024\/04\/coopertina_mantovani_ISBN_Male-Edizioni-Monica-Macchioni-324x486.jpg\" class=\"attachment-woocommerce_thumbnail size-woocommerce_thumbnail\" alt=\"Uno di noi Intervista di Monica Macchioni - Male Edizioni - Monica Macchioni\" \/><\/div>\n\t\t\t\t\t<div class=\"wc-block-grid__product-title\">UNO DI NOI<\/div>\n\t\t\t\t<\/a>\n\t\t\t\t<div class=\"wc-block-grid__product-price price\"><span class=\"woocommerce-Price-amount amount\">15,00&nbsp;<span class=\"woocommerce-Price-currencySymbol\">&euro;<\/span><\/span><\/div>\n\t\t\t\t\n\t\t\t\t<div class=\"wp-block-button wc-block-grid__product-add-to-cart\"><a href=\"?add-to-cart=793\" aria-label=\"Aggiungi al carrello: &quot;UNO DI NOI&quot;\" data-quantity=\"1\" data-product_id=\"793\" data-product_sku=\"\" data-price=\"15\" rel=\"nofollow\" class=\"wp-block-button__link  add_to_cart_button ajax_add_to_cart\">Aggiungi al carrello<\/a><\/div>\n\t\t\t<\/li><li class=\"wc-block-grid__product\">\n\t\t\t\t<a href=\"https:\/\/maleedizione.it\/negozio\/prodotto\/attacco-allo-stato\/\" class=\"wc-block-grid__product-link\">\n\t\t\t\t\t\n\t\t\t\t\t<div class=\"wc-block-grid__product-image\"><img decoding=\"async\" width=\"324\" height=\"486\" src=\"https:\/\/maleedizione.it\/negozio\/wp-content\/uploads\/2024\/04\/Antonio-Fierro-Male-Edizione-Monica-Macchioni-324x486.jpg\" class=\"attachment-woocommerce_thumbnail size-woocommerce_thumbnail\" alt=\"ATTACCO ALLO STATO (Antonio Fierro) Male Edizioni\" \/><\/div>\n\t\t\t\t\t<div class=\"wc-block-grid__product-title\">ATTACCO ALLO STATO<\/div>\n\t\t\t\t<\/a>\n\t\t\t\t<div class=\"wc-block-grid__product-price price\"><span class=\"woocommerce-Price-amount amount\">20,00&nbsp;<span class=\"woocommerce-Price-currencySymbol\">&euro;<\/span><\/span><\/div>\n\t\t\t\t\n\t\t\t\t<div class=\"wp-block-button wc-block-grid__product-add-to-cart\"><a href=\"?add-to-cart=786\" aria-label=\"Aggiungi al carrello: &quot;ATTACCO ALLO STATO&quot;\" data-quantity=\"1\" data-product_id=\"786\" data-product_sku=\"\" data-price=\"20\" rel=\"nofollow\" class=\"wp-block-button__link  add_to_cart_button ajax_add_to_cart\">Aggiungi al carrello<\/a><\/div>\n\t\t\t<\/li><li class=\"wc-block-grid__product\">\n\t\t\t\t<a href=\"https:\/\/maleedizione.it\/negozio\/prodotto\/a-creuza-do-diao\/\" class=\"wc-block-grid__product-link\">\n\t\t\t\t\t\n\t\t\t\t\t<div class=\"wc-block-grid__product-image\"><img decoding=\"async\" width=\"324\" height=\"486\" src=\"https:\/\/maleedizione.it\/negozio\/wp-content\/uploads\/2024\/04\/Giorgio-Cavagnaro-Male-Edizione-Monica-Macchioni-324x486.jpg\" class=\"attachment-woocommerce_thumbnail size-woocommerce_thumbnail\" alt=\"A Cr\u00eauza do Diao\" \/><\/div>\n\t\t\t\t\t<div class=\"wc-block-grid__product-title\">A Cr\u00eauza do Diao<\/div>\n\t\t\t\t<\/a>\n\t\t\t\t<div class=\"wc-block-grid__product-price price\"><span class=\"woocommerce-Price-amount amount\">20,00&nbsp;<span class=\"woocommerce-Price-currencySymbol\">&euro;<\/span><\/span><\/div>\n\t\t\t\t\n\t\t\t\t<div class=\"wp-block-button wc-block-grid__product-add-to-cart\"><a href=\"?add-to-cart=784\" aria-label=\"Aggiungi al carrello: &quot;A Cr\u00eauza do Diao&quot;\" data-quantity=\"1\" data-product_id=\"784\" data-product_sku=\"\" data-price=\"20\" rel=\"nofollow\" class=\"wp-block-button__link  add_to_cart_button ajax_add_to_cart\">Aggiungi al carrello<\/a><\/div>\n\t\t\t<\/li><li class=\"wc-block-grid__product\">\n\t\t\t\t<a href=\"https:\/\/maleedizione.it\/negozio\/prodotto\/cercasi-stato-disperatamente\/\" class=\"wc-block-grid__product-link\">\n\t\t\t\t\t\n\t\t\t\t\t<div class=\"wc-block-grid__product-image\"><img decoding=\"async\" width=\"324\" height=\"486\" src=\"https:\/\/maleedizione.it\/negozio\/wp-content\/uploads\/2024\/04\/Matteo-Grossi-Male-Edizione-Monica-Macchioni-324x486.jpg\" class=\"attachment-woocommerce_thumbnail size-woocommerce_thumbnail\" alt=\"CERCASI STATO DISPERATAMENTE Autore: MATTEO GROSSI\" \/><\/div>\n\t\t\t\t\t<div class=\"wc-block-grid__product-title\">CERCASI STATO DISPERATAMENTE<\/div>\n\t\t\t\t<\/a>\n\t\t\t\t<div class=\"wc-block-grid__product-price price\"><span class=\"woocommerce-Price-amount amount\">20,00&nbsp;<span class=\"woocommerce-Price-currencySymbol\">&euro;<\/span><\/span><\/div>\n\t\t\t\t\n\t\t\t\t<div class=\"wp-block-button wc-block-grid__product-add-to-cart\"><a href=\"?add-to-cart=781\" aria-label=\"Aggiungi al carrello: &quot;CERCASI STATO DISPERATAMENTE&quot;\" data-quantity=\"1\" data-product_id=\"781\" data-product_sku=\"\" data-price=\"20\" rel=\"nofollow\" class=\"wp-block-button__link  add_to_cart_button ajax_add_to_cart\">Aggiungi al carrello<\/a><\/div>\n\t\t\t<\/li><\/ul><\/div><\/div><\/div><\/div><div class=\"wp-block-columns is-layout-flex wp-container-core-columns-is-layout-28f84493 wp-block-columns-is-layout-flex\"><div class=\"wp-block-column is-layout-flow wp-block-column-is-layout-flow\" style=\"flex-basis:100%\"><h2 class=\"wp-block-heading has-text-align-center\">Acquista per categoria<\/h2><\/div><\/div><div class=\"wp-block-columns is-layout-flex wp-container-core-columns-is-layout-28f84493 wp-block-columns-is-layout-flex\"><div class=\"wp-block-column is-layout-flow wp-block-column-is-layout-flow\"><div class=\"wp-block-image\"><figure class=\"aligncenter size-full is-resized\"><a href=\"https:\/\/maleedizione.it\/negozio\/categoria-prodotto\/i-personaggi\/\"><img decoding=\"async\" width=\"300\" height=\"450\" src=\"https:\/\/maleedizione.it\/negozio\/wp-content\/uploads\/2024\/01\/male-edizioni-personaggi-libri_ecommerce.webp\" alt=\"Icona con scritta personaggi\" class=\"wp-image-495\" style=\"object-fit:cover;width:200px;height:300px\" srcset=\"https:\/\/maleedizione.it\/negozio\/wp-content\/uploads\/2024\/01\/male-edizioni-personaggi-libri_ecommerce.webp 300w, https:\/\/maleedizione.it\/negozio\/wp-content\/uploads\/2024\/01\/male-edizioni-personaggi-libri_ecommerce-200x300.webp 200w\" sizes=\"(max-width: 300px) 100vw, 300px\" \/><\/a><\/figure><\/div>\n\n<h4 class=\"wp-block-heading has-text-align-center has-medium-font-size\" style=\"text-decoration:none\"><a href=\"https:\/\/maleedizione.it\/negozio\/categoria-prodotto\/i-personaggi\/\"><strong>I Personaggi<\/strong><\/a><\/h4><\/div>\n\n<div class=\"wp-block-column is-layout-flow wp-block-column-is-layout-flow\"><div class=\"wp-block-image\"><figure class=\"aligncenter size-full is-resized\"><a href=\"https:\/\/maleedizione.it\/negozio\/categoria-prodotto\/la-narrativa\/\"><img decoding=\"async\" width=\"300\" height=\"450\" src=\"https:\/\/maleedizione.it\/negozio\/wp-content\/uploads\/2024\/01\/male-edizioni-narrativa-libri_ecommerce.webp\" alt=\"Icona con scritta narrativa\" class=\"wp-image-494\" style=\"object-fit:cover;width:200px;height:300px\" srcset=\"https:\/\/maleedizione.it\/negozio\/wp-content\/uploads\/2024\/01\/male-edizioni-narrativa-libri_ecommerce.webp 300w, https:\/\/maleedizione.it\/negozio\/wp-content\/uploads\/2024\/01\/male-edizioni-narrativa-libri_ecommerce-200x300.webp 200w\" sizes=\"(max-width: 300px) 100vw, 300px\" \/><\/a><\/figure><\/div>\n\n<h4 class=\"wp-block-heading has-text-align-center has-medium-font-size\" style=\"text-decoration:none\"><a href=\"https:\/\/maleedizione.it\/negozio\/categoria-prodotto\/la-narrativa\/\"><strong>La Narrativa<\/strong><\/a><\/h4><\/div>\n\n<div class=\"wp-block-column is-layout-flow wp-block-column-is-layout-flow\"><div class=\"wp-block-image\"><figure class=\"aligncenter size-full is-resized\"><a href=\"https:\/\/maleedizione.it\/negozio\/categoria-prodotto\/le-indagini\/\"><img decoding=\"async\" width=\"300\" height=\"450\" src=\"https:\/\/maleedizione.it\/negozio\/wp-content\/uploads\/2024\/01\/male-edizioni-indagini-libri_ecommerce.webp\" alt=\"Icona con scritta Indagini\" class=\"wp-image-493\" style=\"object-fit:cover;width:200px;height:300px\" srcset=\"https:\/\/maleedizione.it\/negozio\/wp-content\/uploads\/2024\/01\/male-edizioni-indagini-libri_ecommerce.webp 300w, https:\/\/maleedizione.it\/negozio\/wp-content\/uploads\/2024\/01\/male-edizioni-indagini-libri_ecommerce-200x300.webp 200w\" sizes=\"(max-width: 300px) 100vw, 300px\" \/><\/a><\/figure><\/div>\n\n<h4 class=\"wp-block-heading has-text-align-center has-medium-font-size\" style=\"text-decoration:none\"><a href=\"https:\/\/maleedizione.it\/negozio\/categoria-prodotto\/le-indagini\/\"><strong>Indagini<\/strong><\/a><\/h4><\/div><\/div><div class=\"wp-block-columns is-layout-flex wp-container-core-columns-is-layout-28f84493 wp-block-columns-is-layout-flex\"><div class=\"wp-block-column is-vertically-aligned-center is-layout-flow wp-block-column-is-layout-flow\" style=\"flex-basis:100%\"><h2 class=\"wp-block-heading has-text-align-center\">Cosa offriamo<\/h2>\n\n<p class=\"has-text-align-center\">Contenuti diversi: Dalla politica internazionale all&#8217;inchiesta, dalla narrativa ai romanzi, dai manuali ai saggi. Editoria coraggiosa: crediamo nel potere che hanno le storie di emozionare le persone e puntiamo a pubblicare narrazioni che altrimenti rimarrebbero inascoltate.<\/p>\n\n<h2 class=\"wp-block-heading has-text-align-center\">La nostra promessa Massima qualit\u00e0<\/h2>\n\n<p class=\"has-text-align-center\">Ci assicuriamo che ogni contenuto sia creato e modificato meticolosamente. Leadership di pensiero: Le nostre pubblicazioni mirano a ispirare e sfidare, attraverso la promozione di una comunit\u00e0 di lettori impegnati e riflessivi.<\/p><\/div><\/div>","protected":false},"excerpt":{"rendered":"<p>Il nostro impegno per la passione e la professionalit\u00e0 Prospettive uniche e inaspettate Noi di Male Edizioni Casa Editrice ci impegniamo ad amplificare le voci di autori che offrono prospettive uniche, non banali e inaspettate. La nostra visione \u00e8 quella di dar voce a letture che sfidino la norma e risuonino profondamente con i lettori [&hellip;]<\/p>\n","protected":false},"author":2,"featured_media":48,"parent":0,"menu_order":0,"comment_status":"closed","ping_status":"closed","template":"template-fullwidth.php","meta":{"footnotes":""},"class_list":["post-891","page","type-page","status-publish","has-post-thumbnail","hentry"],"yoast_head":"<!-- This site is optimized with the Yoast SEO plugin v24.6 - https:\/\/yoast.com\/wordpress\/plugins\/seo\/ -->\n<title>Home - Male Edizioni<\/title>\n<meta name=\"robots\" content=\"index, follow, max-snippet:-1, max-image-preview:large, max-video-preview:-1\" \/>\n<link rel=\"canonical\" href=\"https:\/\/maleedizione.it\/negozio\/\" \/>\n<meta property=\"og:locale\" content=\"it_IT\" \/>\n<meta property=\"og:type\" content=\"article\" \/>\n<meta property=\"og:title\" content=\"Home - Male Edizioni\" \/>\n<meta property=\"og:description\" content=\"Il nostro impegno per la passione e la professionalit\u00e0 Prospettive uniche e inaspettate Noi di Male Edizioni Casa Editrice ci impegniamo ad amplificare le voci di autori che offrono prospettive uniche, non banali e inaspettate. La nostra visione \u00e8 quella di dar voce a letture che sfidino la norma e risuonino profondamente con i lettori [&hellip;]\" \/>\n<meta property=\"og:url\" content=\"https:\/\/maleedizione.it\/negozio\/\" \/>\n<meta property=\"og:site_name\" content=\"Male Edizioni\" \/>\n<meta property=\"article:modified_time\" content=\"2024-07-26T12:36:39+00:00\" \/>\n<meta property=\"og:image\" content=\"https:\/\/maleedizione.it\/negozio\/wp-content\/uploads\/2024\/01\/male-edizioni-ecommerce-headerwebp.webp\" \/>\n\t<meta property=\"og:image:width\" content=\"1950\" \/>\n\t<meta property=\"og:image:height\" content=\"500\" \/>\n\t<meta property=\"og:image:type\" content=\"image\/webp\" \/>\n<meta name=\"twitter:card\" content=\"summary_large_image\" \/>\n<meta name=\"twitter:label1\" content=\"Tempo di lettura stimato\" \/>\n\t<meta name=\"twitter:data1\" content=\"2 minuti\" \/>\n<script type=\"application\/ld+json\" class=\"yoast-schema-graph\">{\"@context\":\"https:\/\/schema.org\",\"@graph\":[{\"@type\":\"WebPage\",\"@id\":\"https:\/\/maleedizione.it\/negozio\/\",\"url\":\"https:\/\/maleedizione.it\/negozio\/\",\"name\":\"Home - Male Edizioni\",\"isPartOf\":{\"@id\":\"https:\/\/maleedizione.it\/negozio\/#website\"},\"primaryImageOfPage\":{\"@id\":\"https:\/\/maleedizione.it\/negozio\/#primaryimage\"},\"image\":{\"@id\":\"https:\/\/maleedizione.it\/negozio\/#primaryimage\"},\"thumbnailUrl\":\"https:\/\/maleedizione.it\/negozio\/wp-content\/uploads\/2024\/01\/male-edizioni-ecommerce-headerwebp.webp\",\"datePublished\":\"2024-07-26T09:27:36+00:00\",\"dateModified\":\"2024-07-26T12:36:39+00:00\",\"breadcrumb\":{\"@id\":\"https:\/\/maleedizione.it\/negozio\/#breadcrumb\"},\"inLanguage\":\"it-IT\",\"potentialAction\":[{\"@type\":\"ReadAction\",\"target\":[\"https:\/\/maleedizione.it\/negozio\/\"]}]},{\"@type\":\"ImageObject\",\"inLanguage\":\"it-IT\",\"@id\":\"https:\/\/maleedizione.it\/negozio\/#primaryimage\",\"url\":\"https:\/\/maleedizione.it\/negozio\/wp-content\/uploads\/2024\/01\/male-edizioni-ecommerce-headerwebp.webp\",\"contentUrl\":\"https:\/\/maleedizione.it\/negozio\/wp-content\/uploads\/2024\/01\/male-edizioni-ecommerce-headerwebp.webp\",\"width\":1950,\"height\":500},{\"@type\":\"BreadcrumbList\",\"@id\":\"https:\/\/maleedizione.it\/negozio\/#breadcrumb\",\"itemListElement\":[{\"@type\":\"ListItem\",\"position\":1,\"name\":\"Home\",\"item\":\"https:\/\/maleedizione.it\/negozio\/\"},{\"@type\":\"ListItem\",\"position\":2,\"name\":\"Home\"}]},{\"@type\":\"WebSite\",\"@id\":\"https:\/\/maleedizione.it\/negozio\/#website\",\"url\":\"https:\/\/maleedizione.it\/negozio\/\",\"name\":\"Male Edizioni\",\"description\":\"L&#039;editoria Indipendente\",\"publisher\":{\"@id\":\"https:\/\/maleedizione.it\/negozio\/#organization\"},\"potentialAction\":[{\"@type\":\"SearchAction\",\"target\":{\"@type\":\"EntryPoint\",\"urlTemplate\":\"https:\/\/maleedizione.it\/negozio\/?s={search_term_string}\"},\"query-input\":{\"@type\":\"PropertyValueSpecification\",\"valueRequired\":true,\"valueName\":\"search_term_string\"}}],\"inLanguage\":\"it-IT\"},{\"@type\":\"Organization\",\"@id\":\"https:\/\/maleedizione.it\/negozio\/#organization\",\"name\":\"Male Edizioni\",\"url\":\"https:\/\/maleedizione.it\/negozio\/\",\"logo\":{\"@type\":\"ImageObject\",\"inLanguage\":\"it-IT\",\"@id\":\"https:\/\/maleedizione.it\/negozio\/#\/schema\/logo\/image\/\",\"url\":\"https:\/\/maleedizione.it\/negozio\/wp-content\/uploads\/2024\/01\/male-edizioni-ecommerce-logo-editoria-indipendente.webp\",\"contentUrl\":\"https:\/\/maleedizione.it\/negozio\/wp-content\/uploads\/2024\/01\/male-edizioni-ecommerce-logo-editoria-indipendente.webp\",\"width\":397,\"height\":100,\"caption\":\"Male Edizioni\"},\"image\":{\"@id\":\"https:\/\/maleedizione.it\/negozio\/#\/schema\/logo\/image\/\"}}]}<\/script>\n<!-- \/ Yoast SEO plugin. -->","yoast_head_json":{"title":"Home - Male Edizioni","robots":{"index":"index","follow":"follow","max-snippet":"max-snippet:-1","max-image-preview":"max-image-preview:large","max-video-preview":"max-video-preview:-1"},"canonical":"https:\/\/maleedizione.it\/negozio\/","og_locale":"it_IT","og_type":"article","og_title":"Home - Male Edizioni","og_description":"Il nostro impegno per la passione e la professionalit\u00e0 Prospettive uniche e inaspettate Noi di Male Edizioni Casa Editrice ci impegniamo ad amplificare le voci di autori che offrono prospettive uniche, non banali e inaspettate. La nostra visione \u00e8 quella di dar voce a letture che sfidino la norma e risuonino profondamente con i lettori [&hellip;]","og_url":"https:\/\/maleedizione.it\/negozio\/","og_site_name":"Male Edizioni","article_modified_time":"2024-07-26T12:36:39+00:00","og_image":[{"width":1950,"height":500,"url":"https:\/\/maleedizione.it\/negozio\/wp-content\/uploads\/2024\/01\/male-edizioni-ecommerce-headerwebp.webp","type":"image\/webp"}],"twitter_card":"summary_large_image","twitter_misc":{"Tempo di lettura stimato":"2 minuti"},"schema":{"@context":"https:\/\/schema.org","@graph":[{"@type":"WebPage","@id":"https:\/\/maleedizione.it\/negozio\/","url":"https:\/\/maleedizione.it\/negozio\/","name":"Home - Male Edizioni","isPartOf":{"@id":"https:\/\/maleedizione.it\/negozio\/#website"},"primaryImageOfPage":{"@id":"https:\/\/maleedizione.it\/negozio\/#primaryimage"},"image":{"@id":"https:\/\/maleedizione.it\/negozio\/#primaryimage"},"thumbnailUrl":"https:\/\/maleedizione.it\/negozio\/wp-content\/uploads\/2024\/01\/male-edizioni-ecommerce-headerwebp.webp","datePublished":"2024-07-26T09:27:36+00:00","dateModified":"2024-07-26T12:36:39+00:00","breadcrumb":{"@id":"https:\/\/maleedizione.it\/negozio\/#breadcrumb"},"inLanguage":"it-IT","potentialAction":[{"@type":"ReadAction","target":["https:\/\/maleedizione.it\/negozio\/"]}]},{"@type":"ImageObject","inLanguage":"it-IT","@id":"https:\/\/maleedizione.it\/negozio\/#primaryimage","url":"https:\/\/maleedizione.it\/negozio\/wp-content\/uploads\/2024\/01\/male-edizioni-ecommerce-headerwebp.webp","contentUrl":"https:\/\/maleedizione.it\/negozio\/wp-content\/uploads\/2024\/01\/male-edizioni-ecommerce-headerwebp.webp","width":1950,"height":500},{"@type":"BreadcrumbList","@id":"https:\/\/maleedizione.it\/negozio\/#breadcrumb","itemListElement":[{"@type":"ListItem","position":1,"name":"Home","item":"https:\/\/maleedizione.it\/negozio\/"},{"@type":"ListItem","position":2,"name":"Home"}]},{"@type":"WebSite","@id":"https:\/\/maleedizione.it\/negozio\/#website","url":"https:\/\/maleedizione.it\/negozio\/","name":"Male Edizioni","description":"L&#039;editoria Indipendente","publisher":{"@id":"https:\/\/maleedizione.it\/negozio\/#organization"},"potentialAction":[{"@type":"SearchAction","target":{"@type":"EntryPoint","urlTemplate":"https:\/\/maleedizione.it\/negozio\/?s={search_term_string}"},"query-input":{"@type":"PropertyValueSpecification","valueRequired":true,"valueName":"search_term_string"}}],"inLanguage":"it-IT"},{"@type":"Organization","@id":"https:\/\/maleedizione.it\/negozio\/#organization","name":"Male Edizioni","url":"https:\/\/maleedizione.it\/negozio\/","logo":{"@type":"ImageObject","inLanguage":"it-IT","@id":"https:\/\/maleedizione.it\/negozio\/#\/schema\/logo\/image\/","url":"https:\/\/maleedizione.it\/negozio\/wp-content\/uploads\/2024\/01\/male-edizioni-ecommerce-logo-editoria-indipendente.webp","contentUrl":"https:\/\/maleedizione.it\/negozio\/wp-content\/uploads\/2024\/01\/male-edizioni-ecommerce-logo-editoria-indipendente.webp","width":397,"height":100,"caption":"Male Edizioni"},"image":{"@id":"https:\/\/maleedizione.it\/negozio\/#\/schema\/logo\/image\/"}}]}},"_links":{"self":[{"href":"https:\/\/maleedizione.it\/negozio\/wp-json\/wp\/v2\/pages\/891","targetHints":{"allow":["GET"]}}],"collection":[{"href":"https:\/\/maleedizione.it\/negozio\/wp-json\/wp\/v2\/pages"}],"about":[{"href":"https:\/\/maleedizione.it\/negozio\/wp-json\/wp\/v2\/types\/page"}],"author":[{"embeddable":true,"href":"https:\/\/maleedizione.it\/negozio\/wp-json\/wp\/v2\/users\/2"}],"replies":[{"embeddable":true,"href":"https:\/\/maleedizione.it\/negozio\/wp-json\/wp\/v2\/comments?post=891"}],"version-history":[{"count":43,"href":"https:\/\/maleedizione.it\/negozio\/wp-json\/wp\/v2\/pages\/891\/revisions"}],"predecessor-version":[{"id":945,"href":"https:\/\/maleedizione.it\/negozio\/wp-json\/wp\/v2\/pages\/891\/revisions\/945"}],"wp:featuredmedia":[{"embeddable":true,"href":"https:\/\/maleedizione.it\/negozio\/wp-json\/wp\/v2\/media\/48"}],"wp:attachment":[{"href":"https:\/\/maleedizione.it\/negozio\/wp-json\/wp\/v2\/media?parent=891"}],"curies":[{"name":"wp","href":"https:\/\/api.w.org\/{rel}","templated":true}]}}